*w + 2*w + 5 = 0, -2*n - 9 = -5*w. Suppose -54 - 1586 = n*i. Let t = i + 536. Is t a prime number?
True
Let b = -109 + 72. Let a = b + 22. Is (-18)/a*(-110)/(-4) prime?
False
Let i be ((-1)/(-4))/(1079/(-156) + 7). Suppose -4*g = 2*k - 13788, -4*g = i*k + 3445 - 17229. Is g composite?
False
Let q = 74 - -259. Let k be (-5)/(4/3824*(10 + -20)). Let g = k - q. Is g a prime number?
False
Suppose 0 = 78*z + 124*z - 5864464. Let d = 2 + 3. Suppose d*o - z + 9107 = 0. Is o prime?
False
Let b(r) be the second derivative of -r**6/20 + 7*r**5/60 - r**4/6 + 5*r**2/2 + 11*r. Let j(h) be the first derivative of b(h). Is j(-7) a composite number?
True
Suppose -5*i - 20 = -15*i. Suppose 0*v = 4*m + i*v, 2*v = -8. Suppose m*s + 2*y = 1108, -y = 3*s + 2*s - 2766. Is s composite?
True
Let m = 17485 + -3498. Let x = m - -4990. Is x a prime number?
False
Let a(j) = -2*j + 8. Suppose -3 - 52 = -5*y. Let r be a(y). Let f(t) = t**3 + 17*t**2 + 2*t - 7. Is f(r) a composite number?
True
Suppose 2*n + 102096 = 4*z, 0 = 4*z - 3*n - 39014 - 63084. Is z prime?
True
Is ((-111)/(-148))/(6/948208) prime?
False
Suppose 19231 = -v - 5*p + 1086334, -4*p + 3201320 = 3*v. Suppose -14*b = -42*b + v. Is b a composite number?
True
Let i(a) = a**2 + 6*a - 2. Let v be i(-6). Let d be (-4)/v*1 - -92. Suppose 0*b - 2*b + d = 0. Is b a prime number?
True
Suppose -4*o - 2*a = -424, -5*a = -2*o + 7*o - 540. Suppose v = -3*i - 437, 0 = i - 6*i + 3*v - 747. Let h = o - i. Is h prime?
True
Suppose 0 = -2*v - p + 112907 + 6747, -v + 5*p = -59827. Is v prime?
False
Let c be ((-15)/6)/1*(-4)/5. Let z be (c + -2 - (-4)/(-4))*-3. Suppose z*t + 3*w = 2*w + 568, 2*t - 3*w = 397. Is t a composite number?
False
Suppose 63*z - 45*z = 10944. Suppose -21 = -3*w + 2*w. Let p = z - w. Is p a prime number?
True
Suppose -2*f + 68 = 5*b, b - 3*b = 0. Suppose -f = -5*r - 39. Let p(q) = -2067*q - 4. Is p(r) prime?
True
Suppose 5*m + 20423 = 3*t - 304236, -4 = m. Suppose -18*h + 11*h + t = 0. Is h composite?
True
Let u = 19428 - 3404. Suppose 3*h - u = -4951. Is h a composite number?
False
Suppose 0 = 4*h - 3*c - 2024, -3820 + 1271 = -5*h - c. Let m = -2782 + h. Let i = -1014 - m. Is i composite?
False
Let t(x) = -210*x + 35*x**3 - 13*x**3 + 55 + 204*x - 2*x**2. Is t(6) a prime number?
False
Suppose 4*r = -3*z + 31, -r + 2*r - 3*z = -11. Suppose -r*i - 16 = -q, -4*q = -3*i - 4 - 8. Let l(u) = 81*u**2 + 5*u + 18. Is l(i) composite?
True
Let l(d) be the third derivative of -d**6/120 - d**5/5 - d**4/2 - 7*d**3/6 - 64*d**2. Is l(-20) prime?
True
Let z(s) = -839*s + 76. Let g(n) = -280*n + 25. Let j(x) = -11*g(x) + 4*z(x). Let a be j(-9). Suppose a = 10*o - 3*o. Is o prime?
True
Let r(t) = 590*t + 15. Let q(f) = -f**2 - 11*f - 33. Let z be q(-4). Let p be r(z). Let l = p - -6140. Is l prime?
False
Let n be (8 + 8 + -7)*3/3. Let q(b) = 2*b**3 - 6*b**2 + 5*b + 62. Is q(n) a composite number?
True
Let t(f) = -155*f + 23. Let v be t(-3). Let d be 12*3/24*106. Let w = v - d. Is w prime?
False
Let m(z) be the third derivative of -89*z**4/6 - 37*z**3/2 - 2*z**2 + 47. Is m(-16) a prime number?
False
Suppose -15*b + 15141 + 39324 = 0. Let g = 8260 - b. Is g a composite number?
True
Let q(u) = -3*u**3 - u**2 + u + 1. Let l(s) = 3*s**3 + 2*s**2 - 2*s - 1. Let j(v) = -3*l(v) - 4*q(v). Let n be j(4). Let y = 490 - n. Is y prime?
False
Let q(k) = k + 6. Let w be q(-29). Let l(x) = 2*x + 51. Let n be l(w). Is (n - 4)*3/(-3)*-2609 prime?
True
Suppose 0 = -12*u + 5 + 43. Suppose -5*k = b - 15, 4*b - 2*k - 24 = -u*k. Is (b + -1798)*(0 + -1) prime?
False
Let c(v) = -v**3 - 10*v**2 - 2*v - 8. Let r be c(-10). Is 3/(r/76936) + 3 composite?
False
Suppose 727726 = 11*b - 260272. Is b a composite number?
True
Suppose 21*w + 98 = 35*w. Suppose 5*t = -h + 3453, -4*h + w*h = 2*t - 1388. Is t a prime number?
True
Is 345/(-23) - -214009*4 - (0 - 0) a prime number?
True
Let d = 253 + -237. Is (-202828)/(-16) - (4 - 68/d) a prime number?
False
Let v be 120/12 + (-8 - -2)/1. Suppose -4*b - b - 4029 = -2*s, -v*s + 8067 = -b. Is s a composite number?
False
Let j(x) = -x**3 - 3*x**2 + x - 2. Let b be j(-3). Let c(l) = -l**2 + 10. Let w be c(b). Is (-6)/w*((-1 - 3) + 1739) a prime number?
False
Let h(o) be the third derivative of -121*o**4/12 + 31*o**3/6 - 42*o**2. Is h(-6) a prime number?
True
Is 11030 + 4 + -18 - (0 + -1) a prime number?
False
Is (-7)/35 + 3114648/90 prime?
True
Let q(s) = -10*s - 252. Let d be q(-25). Is (d/(-5))/(1640770/328150 - 5) composite?
False
Let w be (3/9*-49)/((-3)/(-9)). Let t = w + 54. Suppose -3*j = -5*x + j + 2065, -t*x + 3*j + 2060 = 0. Is x prime?
True
Let f(o) = 13*o + 9299. Let b(p) = 5*p**2 + 5*p. Let m be b(-1). Is f(m) a prime number?
False
Let j = -283 + 300. Suppose -8*p + j*p = 31959. Is p prime?
False
Suppose 2 = 3*o + 2*x, -2 = 5*o - 4*x + 2*x. Suppose o = p - 2*p - 18. Is 218 + (2/(-3))/(4/p) prime?
False
Let u = 411 - 408. Suppose -5418 = -u*w - 5*b, 2*b = -2*w + 5*b + 3593. Is w prime?
True
Suppose -7*l = -2*l. Suppose -5*z + 3*b = b - 12, l = -3*z - 4*b + 2. Is 1 - ((-9)/6*z - 714) a prime number?
False
Suppose -31 = -3*t + 4*k, -3*k - 20 = -4*t + 12. Suppose -t*a - 25980 = -117745. Is a a composite number?
False
Suppose -1080*v = -1106*v + 6892054. Is v composite?
False
Suppose -4*r - 9 = -2*n - 3*r, -r = 4*n - 3. Let x be 354/1 - n/(-6)*3. Suppose x = 12*a - 11*a. Is a composite?
True
Suppose 221739 = 21*n - 14*n + 7868. Is n prime?
True
Suppose 0*b = 5*z + 4*b - 268, 5*z = -3*b + 271. Let i = z - 52. Is 1*(26 + 4 + (-3 - i)) composite?
False
Suppose -23*c + 36749 + 370817 = -117041. Is c a composite number?
True
Let u(y) = -10396*y - 787. Is u(-15) composite?
False
Suppose q + 10*y - 14*y - 18251 = 0, 5*q - 91309 = 2*y. Let a = q + -11146. Is a composite?
True
Let v(s) = -8*s**2 - 12 - 8*s**2 - 14*s + 0*s**2 + 13. Let z be v(15). Is (-1)/(-6) + z/(-6) a composite number?
True
Suppose -542659 = -11*v + 455668. Is v prime?
False
Suppose -q = -r + 166794, -2*r + 109*q - 110*q = -333603. Is r a prime number?
True
Let k(h) = 1824*h**3 - h**2 + 2*h - 2. Let o be k(1). Suppose 3*x + 6*v - 4*v = o, -4*x = -4*v - 2464. Let t = x - 202. Is t prime?
True
Is 18/(-12)*(-1631456)/48 composite?
True
Let b(w) = w**2 + 11*w - 10. Let l be b(-12). Let h be l/((-2)/8*(-12)/111318). Suppose h = 11*n + 20213. Is n composite?
False
Suppose 0 = 5*b - a - 114, 17 = b - 2*a - 4. Suppose -8*c - b = 17. Let d(p) = -3*p**3 - 5*p - 21. Is d(c) composite?
False
Let g be (-20512)/(-6)*(-10 - 385/(-28)). Suppose 5*h + 4*i = 12865, -5*h + i + g = -4*i. Is h composite?
True
Let v be 60/14 + 6/(-21). Let g(l) = 3*l**3 + 3*l**2 + 4*l - 1. Let y be g(v). Is (-9 - -6) + y + 2 a composite number?
True
Let j(v) = v. Let r be j(9). Suppose 3*m - 2123 = -4*h, -5*m + r*m = 3*h + 2864. Is m a prime number?
False
Let v(j) = 1849*j + 7. Let c be v(-23). Is -3 + c/(-5) + 0 a prime number?
True
Suppose -14*z = -4749567 - 782099. Is z a composite number?
False
Suppose 20 = 4*b + 5*w, b + 3*w - 12 = -0*w. Suppose b = -25*i + 32945 + 15780. Is i composite?
False
Is (28578 - 8) + (-6 - 2) a composite number?
True
Let m = -26645 + 45484. Is m prime?
True
Suppose -2*h - 2*o = -4*h + 16, 4*h - 2*o = 24. Suppose h*m - 900 = -3376. Let t = m - -1296. Is t prime?
True
Is 3613684/14 - (-20 + 3240/168) a composite number?
True
Let h(y) = y**3 + 10*y**2 - 2*y + 167521. Is h(0) prime?
True
Let z = 75 + 3557. Let d = z - 231. Is d a composite number?
True
Let d(s) = -1078*s + 10. Let o be d(-5). Let m = -1411 + o. Is m a prime number?
True
Let h = 1002139 + -467760. Is h prime?
False
Let r(u) = 615*u**3 - 3*u**2 + 11*u - 9. Is r(1) a prime number?
False
Suppose 14*s = 104 + 64. Is (-11 + s)/(-2*(-3)/8202) prime?
True
Suppose 0 = -s + b + 12242, 1 - 5 = -2*b. Suppose 3*u = z + s, 14887 + 5518 = 5*u - 2*z. Is u a prime number?
False
Is 258/1419 - 68570/(-22) prime?
False
Let m be 204/(-8)*6/(-9). Let l be 12/(-36) - (-244)/12. Let p = l + m. Is p a prime number?
True
Let k be 22*(-1 + 0 + -3 - -3). Let q = 25 + k. Suppose 0 = 2*o - f - 356, o + f - 178 = -q*f. Is o composite?
True
Is (2 - (-218416)/(-7))*630/(-90) composite?
True
Let d(v) = 1047*v**2 - 5*v - 9. Is d(5) a prime number?
True
Suppose 204*u + 210*u + 9798621 = 435*u. Is u a prime number?
False
L